. Is d composite?
False
Let r = -169 + 145. Is ((-6)/(-4))/(r/(-132304)) prime?
True
Let s(o) = 98*o**3 + 5*o**2 - 29*o + 131. Is s(14) prime?
True
Let n = -45 + 45. Let w(v) = 2*v**3 - v**2 + 3*v + 135. Let o be w(n). Let y = 244 - o. Is y a prime number?
True
Let o be 1/4 + (-95)/(-20). Suppose 2*h - 5*g + 1170 = 0, -2*g + o*g = 0. Let t = 1382 + h. Is t a composite number?
False
Let r = -12251 + 28494. Is r composite?
True
Let c(n) = -n + 34*n**2 - 2*n - 35*n**2 + 0*n + 17. Let t be c(-6). Is t*(0 + (4 - 267)) composite?
False
Suppose 10*x - 8589324 + 691116 = -86*x. Is x a composite number?
True
Let q(c) = -2*c + 4. Let a be q(1). Suppose -n = -1, -h - a*n + 14 + 201 = 0. Is h a composite number?
True
Suppose 37*l - 102*l = 39*l - 45062264. Is l a prime number?
True
Is (-3373997)/(-99) + 8/36 composite?
True
Suppose -4*r + 12*h + 44761 = 17*h, 11*r - 3*h - 123076 = 0. Is r composite?
True
Let w be (-1)/(-3)*(-54)/(-6). Let z be (-1)/(1 + 254/(-252)). Suppose w*o + z - 659 = -k, k - 3*o - 521 = 0. Is k a prime number?
False
Let o be 8*-484 + (4 - (-7 + 13)). Is 3/((-4)/(-4))*o/(-6) a prime number?
False
Let u = -15889 - -59600. Is u a composite number?
False
Is (-39)/((-663)/68)*332188/8 prime?
False
Suppose 7 - 43 = -2*j. Let p(z) = -16 - 10*z - 2*z + j*z + 12*z. Is p(5) prime?
False
Let z = 53510 + 62285. Is z a composite number?
True
Let t = 228731 + -161572. Is t prime?
False
Let d(c) = -39150*c**3 - 5*c**2 - c + 3. Is d(-1) prime?
False
Let s be 1*(4 - 5) + 31428. Suppose 37*m - 48*m + s = 0. Is m composite?
False
Let w = -125283 - -226844. Is w a composite number?
False
Let r(y) = 177*y**2 - y + 20. Let j be r(5). Suppose 5*v = -3*i + 24062, -4*v + 3576 = i - j. Suppose 25*h - 17*h = i. Is h composite?
True
Let y = -236 + 245. Let o(q) = 103*q + 64. Is o(y) prime?
True
Suppose 28*v - 889725 = 196871. Is v a composite number?
True
Let v(i) = -i**3 + 4*i**2 + 11*i + 20. Let x be v(6). Is (-4)/14 + 120474/x a composite number?
True
Let s(x) = -8*x**2 - 16*x + 78. Let o be s(-17). Let b = o - -7411. Is b prime?
True
Suppose -g = -3*j + 2*j - 87052, -3*g - 5*j + 261132 = 0. Is g composite?
False
Let q(o) be the third derivative of o**5/60 + 7*o**4/24 + o**3 - 8*o**2. Let n be q(-6). Suppose -5*z + 758 + 3287 = n. Is z composite?
False
Let j be (6/4)/((-45)/(-12) + -3). Suppose -22 = -4*o + j*o. Suppose 12*i = o*i + 87. Is i prime?
False
Suppose -t + 5 = -5*z, 4*z = 4*t - 6 - 14. Suppose 7*i - 6*i - 359 = z. Let k = i - 100. Is k prime?
False
Let q(d) = 11*d**3 - 31*d**2 + 16*d + 31. Let w(u) = 17*u**3 - 47*u**2 + 25*u + 46. Let y(l) = -8*q(l) + 5*w(l). Is y(-11) prime?
True
Suppose -16217 - 658 = -s. Suppose 1 = -2*m - 3, -3*y + 3*m + s = 0. Is y a prime number?
True
Is -1 - -2 - (-20)/30*192843 prime?
True
Suppose 53*x - 1542275 = 227978. Is x a prime number?
False
Let q = -787002 + 1936640. Suppose 0 = 12*y + 2*y - q. Is y composite?
True
Let c(o) = 2*o**2 + 26*o - 34. Let j be c(-16). Let i = j - 46. Let p(u) = 2*u**3 + 4*u**2 - 12*u + 17. Is p(i) a composite number?
False
Let w = -29 - -26. Let z(o) = -299*o**3 + 4*o - 2. Is z(w) a prime number?
True
Let z be 0/((-165)/(-57) - 12/(-114)). Suppose z = -15*d + 17*d - 5570. Is d prime?
False
Let u = -21 + 24. Let r(a) = -3*a**3 + 3*a**2 + 2*a - 1. Let d be r(u). Is (-2387)/d + (-4)/(-14) prime?
False
Let d(y) = -168*y. Let c(q) = q + 1. Suppose f = -12 + 13. Let x(i) = f*c(i) + d(i). Is x(-6) a composite number?
True
Let t = 95634 + -42137. Is t a composite number?
True
Suppose -1039 - 1922 = -21*r. Is r a composite number?
True
Let c(r) = 51*r - 187. Let z be c(33). Let h = z + 3087. Is h a composite number?
False
Suppose 0*r - 3*r = -24. Let u(f) = -31*f - 34*f - 3*f**2 + 2*f**3 + 9 + 54*f. Is u(r) prime?
False
Suppose -3*p + 0*f - 18 = 3*f, -p + 5*f = -12. Is p/(-24)*4 + (-2247)/(-14) a prime number?
False
Let t = 499 + -497. Suppose 2*l + 2*l = q - 393, 0 = -t*l + 8. Is q prime?
True
Let k(y) = 261*y**2 + 339*y - 499. Is k(-57) a prime number?
False
Suppose -3*z + 41 = 6*w - 8*w, -2 = 2*w. Suppose -15*d + z*d + 57578 = 0. Is d a prime number?
True
Suppose -h - 3*w + 132536 = 0, h - 6*h + 3*w + 662770 = 0. Is h composite?
True
Suppose 15*a - 16*a = 2384. Let j = a + 1482. Is 2/7 - j*(-22)/(-28) a prime number?
True
Let t = -94 - -1012. Let x = 595 + t. Is x a composite number?
True
Is (-4247228)/(-14)*(2275/(-26))/(-25) prime?
True
Suppose 0 = -3*b - 175622 + 903593. Is b a prime number?
False
Let v(o) = -4*o**3 - 10*o**2 + 52. Let i(w) = -w**3 + 1. Let j(p) = -3*i(p) + v(p). Is j(-16) prime?
False
Suppose 5*i = 3*j + 42056, 180*j = i + 176*j - 8401. Is i a composite number?
True
Let u(y) = 148*y**2 + 3*y + 1. Let c be (-64)/24 - (-2)/3. Is u(c) a prime number?
True
Let y = 226 - -39. Let g(k) = k**2 + k + 4. Let h be g(-3). Suppose y = 3*n + h. Is n composite?
True
Let z = 114739 + 84420. Is z a composite number?
True
Suppose 4*b = -3*c + 134, -2*b + 48 = c - 0*c. Suppose 27150 = 44*w - c*w. Suppose -4*i - i + w = 0. Is i prime?
False
Let j(h) = -15*h - 4. Let l be j(2). Let u = l - -36. Suppose f + 191 = u*f. Is f a composite number?
False
Let t be (1/2)/((-4)/(-136)) - 3. Suppose p - 3 = -t. Let z(f) = -518*f + 51. Is z(p) a composite number?
False
Let n(j) = 70*j**2 - j - 12. Suppose 5*v + 0*v = 0, -4*v = 2*b - 10. Is n(b) composite?
False
Suppose 113542 = 32*m - 6*m. Is m/2*(14 + -12) prime?
False
Suppose 15*b - 14090587 = -4*b - 1330130. Is b composite?
False
Let r = 81 + 7. Suppose r = -5*w + 16*w. Let t(g) = 17*g**2 - g - 11. Is t(w) prime?
True
Suppose -5*s = 4*o - 43, -2*s = o + 39 - 46. Suppose -16*n + o*n - 20369 = 0. Is n prime?
True
Suppose 22127 - 4367 = -6*f. Let n = 5863 + f. Is n composite?
False
Let m(j) = 601*j - 6. Let d be ((-4)/(-10))/(28/490). Is m(d) prime?
True
Let p = -55188 + 106290. Suppose -67362 = -8*n + p. Suppose 7*l = -689 + n. Is l prime?
True
Let u(c) = 3*c**3 - 5*c**2 + 22. Let h be u(-5). Let r = h + 1749. Is r a prime number?
False
Suppose -70590 = 8*n - 12478. Let f = n + 4799. Let b = f + 8256. Is b a prime number?
True
Let t be (7/7)/(1/4). Let z(h) = 298*h + 1. Let k be z(5). Suppose -487 = t*y - k. Is y composite?
False
Suppose -264*h + 92061836 - 9401060 = 0. Is h a prime number?
True
Let b be 9/(180/8) + (-37)/5. Let c be (-14327)/7 - (-2)/b. Is 2 - (3 - (3 - 2 - c)) prime?
False
Let b = -58 + 60. Suppose -b*a + 0*a + 5713 = w, 4*a = 5*w + 11461. Suppose -5*p + a + 316 = 0. Is p a composite number?
True
Let x = 124130 - -14105. Is x a prime number?
False
Suppose -165*n + 47474865 - 37541848 = -43653538. Is n composite?
True
Suppose 2*x + 15*n - 2807 = 10*n, -3*n - 4242 = -3*x. Suppose -2*l = -3*l + x. Is l composite?
True
Let t = 109448 + -35086. Is t composite?
True
Let i(x) = 10*x**3 - x**2 + 43*x - 29. Is i(10) prime?
True
Let o(f) = 18653*f**2 + 2*f - 1. Let t be o(1). Suppose t = 11*l - 2785. Is l composite?
False
Let w be -1 + 3 + -234*-3*6. Suppose 0 = -2*a + w - 340. Is a composite?
True
Suppose -5*g - 10 = 0, 2*b - 2148 = -4*g + 4346. Let j = 2181 + b. Let s = j - 2713. Is s a composite number?
False
Suppose -9 = 13*j + 69. Is -1 - (j - 8634)/4 a composite number?
True
Is (-2)/(12/19509)*154346/(-1603) a composite number?
True
Suppose -112*h - 2834104 + 8887844 = -16247364. Is h a composite number?
True
Suppose -17159 - 1369 = -6*z. Suppose -2*m + 3*c = -z, -4*m + 339 + 5845 = -4*c. Let f = m + -915. Is f prime?
False
Is (-9 - -7)/(-2) - (-1025839 - 37) a composite number?
True
Suppose 2*s = -5*k + 33, 0*k = -k + 5. Suppose 3*z + 4*a - 5 = -3, -s = a. Suppose -y + z*y - 395 = 0. Is y a composite number?
False
Let q(l) = 9*l**2 - 55*l - 131. Let y(v) = 5*v**2 - 28*v - 66. Let p(a) = -6*q(a) + 11*y(a). Is p(-23) composite?
False
Is (-157444551)/(-632) - (-2)/(-16) prime?
False
Let o(c) be the third derivative of -1/120*c**6 + 0*c + 1/24*c**4 + 0 - 3/2*c**3 - 23*c**2 + 1/60*c**5. Is o(-4) composite?
False
Let t(n) = 19 - 155 - 255*n**3 - 5*n**2 - 4 - 32*n + 25. Is t(-4) composite?
False
Let j(o) = -o**3 - 5*o**2 + 3*o - 13. Let m(q) = q - 14. Let a be m(8). Let g be j(a). Suppose -3*l = -3*c + 222, 0*c = c + g*l - 74. Is c a composite number?
True
Let m be -12*(-7)/168*(1 + -1). Is (36 - -2273)/(m + 1) a composite number?
False
L